{"id":1221,"date":"2025-02-09T09:10:01","date_gmt":"2025-02-09T09:10:01","guid":{"rendered":"https:\/\/woodirection.com\/?page_id=1221"},"modified":"2025-04-27T16:10:12","modified_gmt":"2025-04-27T16:10:12","slug":"kontakt","status":"publish","type":"page","link":"https:\/\/woodirection.com\/?page_id=1221","title":{"rendered":"Kontakt"},"content":{"rendered":"\n<div class=\"wp-block-media-text is-stacked-on-mobile\" style=\"grid-template-columns:52% auto\"><figure class=\"wp-block-media-text__media\"><img loading=\"lazy\" decoding=\"async\" width=\"1024\" height=\"683\" src=\"https:\/\/woodirection.com\/wp-content\/uploads\/2024\/01\/0B7A9853-1024x683.jpg\" alt=\"\" class=\"wp-image-708 size-full\" srcset=\"https:\/\/woodirection.com\/wp-content\/uploads\/2024\/01\/0B7A9853-1024x683.jpg 1024w, https:\/\/woodirection.com\/wp-content\/uploads\/2024\/01\/0B7A9853-scaled-800x533.jpg 800w, https:\/\/woodirection.com\/wp-content\/uploads\/2024\/01\/0B7A9853-300x200.jpg 300w, https:\/\/woodirection.com\/wp-content\/uploads\/2024\/01\/0B7A9853-768x512.jpg 768w, https:\/\/woodirection.com\/wp-content\/uploads\/2024\/01\/0B7A9853-1536x1024.jpg 1536w, https:\/\/woodirection.com\/wp-content\/uploads\/2024\/01\/0B7A9853-2048x1365.jpg 2048w, https:\/\/woodirection.com\/wp-content\/uploads\/2024\/01\/0B7A9853-930x620.jpg 930w\" sizes=\"auto, (max-width: 1024px) 100vw, 1024px\" \/><\/figure><div class=\"wp-block-media-text__content\">\n<p>Bardzo mi mi\u0142o, \u017ce jeste\u015b na mojej stronie. <br>Nazywam si\u0119 Bart\u0142omiej Kaczmarek i zajmuj\u0119 si\u0119 rze\u017abieniem w drewnie. Tworz\u0119 minimalistyczne rze\u017aby, u\u017cywaj\u0105c r\u0119cznych narz\u0119dzi. G\u0142\u00f3wnie pracuj\u0119 no\u017cami snycerskimi i d\u0142utami. <\/p>\n\n\n\n<p>Je\u017celi masz do mnie jakie\u015b pytania, lub chcesz zam\u00f3wi\u0107 indywidualn\u0105 prac\u0119, \u015bmia\u0142o pisz do mnie.<\/p>\n<\/div><\/div>\n\n\n\n<ul class=\"wp-block-list\">\n<li><a href=\"mailto:contact@woodirection.com\"><strong>contact@woodirection.com<\/strong><\/a><\/li>\n\n\n\n<li>Moja strona na : <a href=\"https:\/\/www.facebook.com\/bkaczmarekwoodwork\"><strong>Facebooku<\/strong><\/a><\/li>\n\n\n\n<li>Moja strona na : <strong><a href=\"https:\/\/www.instagram.com\/woodirection.bk\/\">Instagramie<\/a><\/strong><\/li>\n<\/ul>\n\n\n\n<p>Uprzejmie prosz\u0119 o cierpliwo\u015b\u0107 po wys\u0142aniu do mnie wiadomo\u015bci, bardzo du\u017co pracuje, przez co wolniej odpisuj\u0119<\/p>\n\n\n\n<p><\/p>\n","protected":false},"excerpt":{"rendered":"<p>Bardzo mi mi\u0142o, \u017ce jeste\u015b na mojej stronie. Nazywam si\u0119 Bart\u0142omiej Kaczmarek i zajmuj\u0119 si\u0119 rze\u017abieniem w drewnie. Tworz\u0119 minimalistyczne rze\u017aby, u\u017cywaj\u0105c r\u0119cznych narz\u0119dzi. G\u0142\u00f3wnie pracuj\u0119 no\u017cami snycerskimi i d\u0142utami. [&hellip;]<\/p>\n","protected":false},"author":1,"featured_media":0,"parent":0,"menu_order":0,"comment_status":"closed","ping_status":"closed","template":"","meta":{"_acf_changed":false,"_uag_custom_page_level_css":"","ngg_post_thumbnail":0,"footnotes":""},"class_list":["post-1221","page","type-page","status-publish","hentry"],"acf":[],"featured_image_src":null,"uagb_featured_image_src":{"full":false,"thumbnail":false,"medium":false,"medium_large":false,"large":false,"1536x1536":false,"2048x2048":false,"botiga-extra-large":false,"botiga-large":false,"botiga-big":false,"botiga-medium":false,"woocommerce_thumbnail":false,"woocommerce_single":false,"woocommerce_gallery_thumbnail":false},"uagb_author_info":{"display_name":"B.Kaczmarek","author_link":"https:\/\/woodirection.com\/?author=1"},"uagb_comment_info":0,"uagb_excerpt":"Bardzo mi mi\u0142o, \u017ce jeste\u015b na mojej stronie. Nazywam si\u0119 Bart\u0142omiej Kaczmarek i zajmuj\u0119 si\u0119 rze\u017abieniem w drewnie. Tworz\u0119 minimalistyczne rze\u017aby, u\u017cywaj\u0105c r\u0119cznych narz\u0119dzi. G\u0142\u00f3wnie pracuj\u0119 no\u017cami snycerskimi i d\u0142utami. [&hellip;]","_links":{"self":[{"href":"https:\/\/woodirection.com\/index.php?rest_route=\/wp\/v2\/pages\/1221","targetHints":{"allow":["GET"]}}],"collection":[{"href":"https:\/\/woodirection.com\/index.php?rest_route=\/wp\/v2\/pages"}],"about":[{"href":"https:\/\/woodirection.com\/index.php?rest_route=\/wp\/v2\/types\/page"}],"author":[{"embeddable":true,"href":"https:\/\/woodirection.com\/index.php?rest_route=\/wp\/v2\/users\/1"}],"replies":[{"embeddable":true,"href":"https:\/\/woodirection.com\/index.php?rest_route=%2Fwp%2Fv2%2Fcomments&post=1221"}],"version-history":[{"count":11,"href":"https:\/\/woodirection.com\/index.php?rest_route=\/wp\/v2\/pages\/1221\/revisions"}],"predecessor-version":[{"id":1299,"href":"https:\/\/woodirection.com\/index.php?rest_route=\/wp\/v2\/pages\/1221\/revisions\/1299"}],"wp:attachment":[{"href":"https:\/\/woodirection.com\/index.php?rest_route=%2Fwp%2Fv2%2Fmedia&parent=1221"}],"curies":[{"name":"wp","href":"https:\/\/api.w.org\/{rel}","templated":true}]}}